-s - 26. What is the remainder when 54 is divided by h/(-32) - 227/(-8)?
26
Suppose 0 = -8*c + 135 + 129. What is the remainder when c is divided by 3/(-12) - (-21)/4?
3
Suppose 2*r + 6 = 7*r + 2*w, 5*w + 18 = 4*r. Suppose 8*x - 43 = -t + 3*x, 2*x - 46 = -r*t. What is the remainder when 70 is divided by t?
16
Suppose 0*z + 4*z = 10*g - 2976, 0 = -2*z - 8. What is the remainder when g is divided by 76?
68
Suppose 35 = -k + 106. Let w = -37 + k. What is the remainder when w is divided by 4?
2
Let g = 169 + -162. Calculate the remainder when 124 is divided by g.
5
Suppose 3*y - 2*y = 111. Let a(h) be the second derivative of h**3/6 + 17*h**2/2 + h. Calculate the remainder when y is divided by a(11).
27
Let w(u) = u**2 - 25*u - 96. What is the remainder when 457 is divided by w(-4)?
17
Let i = -136 - -346. Let l = i + -138. What is the remainder when l is divided by (-4 + 3)/(-13 + 2910/225)?
12
Suppose 2*d - 23 = 177. Suppose -116*v = -111*v - d. What is the remainder when 57 is divided by v?
17
Suppose 86 = 5*w - 4. Suppose 3*x - 3*i - 16 = 26, -2*x + 28 = -i. Let u = w - x. Calculate the remainder when u is divided by 2.
0
Suppose -2*n + 3*r - 4*r = -245, -2*r + 368 = 3*n. Calculate the remainder when n is divided by 37.
11
Let j = 1145 - 1136. What is the remainder when 187 is divided by j?
7
Suppose -4*c - 2*n = -3*n - 44, 0 = 2*n. Calculate the remainder when c is divided by 3.
2
Let b(v) = v**2 + 12*v + 13. Let w be b(-11). Suppose -17 = -y + w*h, -h + 118 + 0 = 5*y. Calculate the remainder when 67 is divided by y.
21
Suppose 371*j = 378*j - 77. Calculate the remainder when 39 is divided by j.
6
Let c = 165 + -83. What is the remainder when c is divided by 33?
16
Suppose 4*k - 54 = 3*z, -k + 22 = k + z. Let d = 57 - k. Calculate the remainder when 53 is divided by (-8)/36 + 640/d.
11
Suppose -4*t + 2*u + 102 - 4 = 0, 6 = -2*u. Suppose -2*o - 6 + 94 = 0. What is the remainder when o is divided by t?
21
Let s(f) = -f**3 + 10*f**2 - f + 1. Suppose 6*w = -13 + 67. What is the remainder when s(w) is divided by 15?
13
Suppose 2*k - 5 = k. Suppose k*l = 4*u + 202, -3*l - 3*u = -2*l - 29. What is the remainder when l is divided by 8?
6
Suppose -5*t = -45 - 70. Let a = 28 + -20. What is the remainder when t is divided by a?
7
Let k(q) = -q**3 + 4*q. Let w be k(-6). Suppose -7*p + p + w = 0. What is the remainder when p is divided by 19?
13
Let n = 13 + 12. Let b(g) = g**3 + 4*g**2. What is the remainder when n is divided by b(-3)?
7
Let r(m) = m**2 - 5*m + 2. Let n be r(11). Suppose 0 = -f - 5*l + 17, 0 = -4*f - 4*l + l + n. Calculate the remainder when 49 is divided by f.
15
Suppose 0 = -2*u + n + 159, 3*u = 2*n + 214 + 22. Suppose -15 = -2*m + 27. Calculate the remainder when u is divided by m.
19
Let c(o) = -o**3 - 8*o**2 - 6*o + 15. Let a be c(-8). Let q = a + -44. What is the remainder when 54 is divided by q?
16
Suppose 274 = 4*x - 2*q, 5*x - q - 71 = 4*x. What is the remainder when 325 is divided by x?
61
Suppose w + 118 = 2*w. What is the remainder when w is divided by 36*((-13)/52)/((-9)/24)?
22
Let b be (28/8 - 3)*10. Suppose 5*j = -b*r + j - 2, 5*r = -j - 8. What is the remainder when (-3 - -4)*(11 - r) is divided by 5?
3
Let m = -14 - -49. Suppose -2*k + m = -5*u, 5*k - 39 = 2*k + 3*u. What is the remainder when 14 is divided by k?
4
Let w(o) = 27*o - 2. Let n be w(3). Suppose -n = -r - j, -2*r = -4*j + 2*j - 170. Calculate the remainder when r is divided by 21.
19
Let k be (-36)/(-16) - 1/4. Calculate the remainder when (-6)/1 + 1 - (10 - 25) is divided by (2/4)/(k/24).
4
Let l(j) = -j**2 - 2*j - 4. Let h be l(-3). Let r = -10 - h. Let p = 6 + r. What is the remainder when p is divided by 2?
1
Let a(r) = r**3 - 6*r**2 - 2*r + 9. Let b be a(6). Suppose -19*i - 153 = -28*i. Calculate the remainder when i is divided by (-1 + -14)*2/b.
7
Let l = 24 + -16. Suppose 69 = l*s - 83. What is the remainder when 74 is divided by s?
17
Let q = 24 - 6. Calculate the remainder when 50 is divided by q.
14
Let q = 50 + -115. Let s = q - -210. What is the remainder when s is divided by 30?
25
Let p(c) = -c**3 - 11*c**2 - 17*c - 28. What is the remainder when p(-11) is divided by 5?
4
Suppose -u - 2*q + 20 = 0, 60 = 4*u + 2*q + 2*q. Let l be -6*((-30)/9 - 3). Calculate the remainder when l*((-1)/(-1) + 0) is divided by u.
8
Let y(o) be the second derivative of -7*o**3/6 - o**2/2 + 31*o. Calculate the remainder when 48 is divided by y(-4).
21
Let z(w) = 5*w - 7. What is the remainder when 387 is divided by z(7)?
23
What is the remainder when 340 is divided by (1/(4/(-392)))/(-2)?
46
Let y be (4/6 - (-25)/(-15))*4. Calculate the remainder when 89 is divided by (32/6)/y*(-162)/12.
17
Suppose -3*f = -b - 0 - 5, -5*b - 3 = -4*f. Suppose 0 = 4*z - f - 54. What is the remainder when 68 is divided by z?
12
Let d = -27 - -42. What is the remainder when 79 is divided by (24/d)/(4/40)?
15
Suppose a = -2*u + 273, -5*u + a - 5*a = -684. Let t = -118 + u. Calculate the remainder when 33 is divided by t.
15
Let g = 48 - 1. Calculate the remainder when g is divided by 44/3 - (32/(-24) - 0).
15
Let b = 850 - -13. Suppose 0*v + 5*o = -2*v + 329, b = 5*v - o. Calculate the remainder when v is divided by 29.
27
Suppose 3*l = -4*b + 37, -2*b = 5*l + 5 - 6. What is the remainder when 20 is divided by b?
7
Let d(u) = 4*u**2 - 4*u - 5. Let g be d(-2). Suppose 0 = k + 2*v + 4 + 13, 4*k = 2*v - 48. Let x = g - k. Calculate the remainder when x is divided by 12.
8
Suppose -r - 46 + 119 = 6*n, 0 = -5*n - 5*r + 65. Suppose -4*w + 105 = -w. What is the remainder when w is divided by n?
11
Suppose 34*n - 33*n - 67 = 0. Suppose v = 5*c - n, 2*c + 0*v + 3*v - 20 = 0. Calculate the remainder when (75/4)/(3/8) is divided by c.
11
Let m = -8 + 8. Let i be 3 - 4 - (m + 3). Calculate the remainder when 34 + 6/(-8)*i is divided by 19.
18
Let w = 647 + -345. What is the remainder when w is divided by 51?
47
Let o = 22 - -43. Suppose 7*v - 5*i = 3*v + 61, v - i - 15 = 0. Calculate the remainder when v is divided by (-55)/o + 1 + (-204)/(-26).
6
Suppose -8*i - 2990 = -34*i. What is the remainder when i is divided by 13?
11
What is the remainder when 197 is divided by (-55)/(-33)*162/15?
17
Let c(l) = -8*l - 2 - 8*l - 2*l**2 + 4 + l**2. Let k be c(-16). What is the remainder when 35 is divided by 37/3 - k/6?
11
Suppose b - 105 = -2*y, -4*y - b = -0*y - 205. What is the remainder when y is divided by (-236)/(-9) - (-4)/(-18)?
24
Let t(g) = 11*g**2 - g + 5. Suppose -y + 7 = -5*u, 2*y = -0*u + 3*u + 7. What is the remainder when t(y) is divided by 4?
3
Let l(k) = 6*k - 4*k - 9*k**2 + 0*k - 6 + 22*k**2. Calculate the remainder when l(-2) is divided by 22.
20
Let p(t) = -t**3 - 16*t**2 - 14*t + 11. Let n be p(-15). Let g be 6 + -4 + (n - -4). Suppose g + 76 = 2*f. What is the remainder when f is divided by 21?
18
Let v be (-3)/9*3 + -3. What is the remainder when v/2 + 64/4 is divided by 10?
4
Suppose 30988 = -62*f + 123*f. What is the remainder when f is divided by 27?
22
Suppose -4*a + 201 = -3*j, 5*j - 272 = -5*a - 47. Let i = 63 - 63. Suppose i = -9*v - v + 250. Calculate the remainder when a is divided by v.
23
Suppose 3*f - f + 4165 = 5*n, 4*n - 5*f = 3315. Calculate the remainder when n is divided by 38.
37
Suppose 5*u = -16 + 41. What is the remainder when (-7 + 0 + (50 - 42))*13 is divided by u?
3
Let n(v) = 2*v**3 + 13*v**2 - 3*v - 23. What is the remainder when n(-6) is divided by 1?
0
Suppose -179*r + 228*r - 7497 = 0. Calculate the remainder when r is divided by 11.
10
Let u(x) = -x**3 - 7*x**2 + 5*x - 1. Let a be u(-7). Calculate the remainder when 53 is divided by a/(-45)*105/6.
11
Let k(t) = 2*t**2 - 27*t + 94. Calculate the remainder when 86 is divided by k(7).
2
Let j be -33 - (-6 + 5 - 0). Let s = -11 - j. Calculate the remainder when 101 is divided by s.
17
Let r(p) = -52*p - 142. Calculate the remainder when 151 is divided by r(-3).
11
Let z = -21 + 59. Let q = z + -24. What is the remainder when 42/q - 104/(-2) is divided by 14?
13
Suppose -1566*v = -1571*v + 545. What is the remainder when v is divided by 4?
1
Let x = 4 - 9. Suppose 6*w = 2*w - 8. Calculate the remainder when (-15)/x + (38 - w) is divided by 11.
10
Suppose -12*p = -2*p - 1110. Calculate the remainder when p 